{"id":370,"date":"2025-09-09T13:56:57","date_gmt":"2025-09-09T13:56:57","guid":{"rendered":"https:\/\/abrabrics.org\/site\/?page_id=370"},"modified":"2025-10-10T18:31:11","modified_gmt":"2025-10-10T18:31:11","slug":"governanca-internacional","status":"publish","type":"page","link":"https:\/\/abrabrics.org\/site\/governanca-internacional\/","title":{"rendered":"Governan\u00e7a Internacional"},"content":{"rendered":"<div class=\"wpb-content-wrapper\"><p>[vc_row][vc_column][vc_column_text css=&#8221;&#8221;]<\/p>\n<h2 class=\"wp-block-heading\" style=\"text-align: left;\">Grupo de trabalho Governan\u00e7a Internacional<\/h2>\n<p>[\/vc_column_text][\/vc_column][\/vc_row][vc_row][vc_column width=&#8221;1\/4&#8243;][vc_single_image image=&#8221;473&#8243; img_size=&#8221;full&#8221; alignment=&#8221;center&#8221; style=&#8221;vc_box_circle_2&#8243; css=&#8221;.vc_custom_1757939167862{margin-right: 50px !important;margin-bottom: 0px !important;margin-left: 50px !important;}&#8221;][vc_column_text css=&#8221;&#8221;]<\/p>\n<p style=\"text-align: center;\"><strong>Ana Livia Esteves<br \/>\n<\/strong>Coordenadora[\/vc_column_text][\/vc_column][vc_column width=&#8221;3\/4&#8243;][vc_column_text css=&#8221;&#8221;]<\/p>\n<p style=\"text-align: justify;\">Ana Livia Esteves \u00e9 doutora em Rela\u00e7\u00f5es Internacionais pela Escola Superior de Economia de Moscou (HSE) e mestre em pol\u00edtica externa russa pelo Instituto Estatal de Rela\u00e7\u00f5es Internacionais de Moscou (MGIMO). Possui publica\u00e7\u00f5es na \u00e1rea de pol\u00edtica externa russa, pol\u00edtica externa brasileira, pol\u00edtica nuclear e n\u00e3o prolifera\u00e7\u00e3o, com passagem pelo think tank russo PIR Center e pela empresa Rosatom Service. Bacharel em RI pela PUC-SP, atualmente pesquisa rela\u00e7\u00f5es entre o Brasil e a R\u00fassia, tanto na esfera bilateral, como sua coordena\u00e7\u00e3o multilateral no \u00e2mbito dos BRICS e G20.<\/p>\n<p>[\/vc_column_text][vc_separator style=&#8221;shadow&#8221; css=&#8221;&#8221;][\/vc_column][\/vc_row][vc_row][vc_column width=&#8221;1\/4&#8243;][vc_single_image image=&#8221;576&#8243; img_size=&#8221;full&#8221; alignment=&#8221;center&#8221; style=&#8221;vc_box_circle_2&#8243; css=&#8221;.vc_custom_1760110768494{margin-right: 50px !important;margin-bottom: 0px !important;margin-left: 50px !important;}&#8221;][vc_column_text css=&#8221;&#8221;]<\/p>\n<p style=\"text-align: center;\"><strong>Daniela Vieira Secches<br \/>\n<\/strong>Coordenadora[\/vc_column_text][\/vc_column][vc_column width=&#8221;3\/4&#8243;][vc_column_text css=&#8221;&#8221;]<\/p>\n<p style=\"text-align: justify;\">\u00c9 coordenadora e uma das fundadoras do Observat\u00f3rio R\u00fassia-Am\u00e9rica Latina (Ruslat). Ela \u00e9 doutora em Rela\u00e7\u00f5es Internacionais (RI) pela Pontif\u00edcia Universidade Cat\u00f3lica de Minas Gerais (PUC Minas). Ela obteve seu mestrado em Ci\u00eancia Pol\u00edtica pela Universidade Masaryk, Rep\u00fablica Tcheca, e possui gradua\u00e7\u00e3o em RI pela PUC Minas e em Direito pela Universidade Federal de Minas Gerais (UFMG). Coordena e leciona no curso de gradua\u00e7\u00e3o em RI e \u00e9 professora permanente do Programa de P\u00f3s-Gradua\u00e7\u00e3o em RI da PUC Minas. Atua como membro do conselho diretivo da Associa\u00e7\u00e3o Brasileira de Rela\u00e7\u00f5es Internacionais (ABRI, 2023-2025). Suas \u00e1reas de interesse incluem Estados do Leste Europeu, da Am\u00e9rica Latina e discuss\u00f5es sobre teoria e m\u00e9todo em RI. Seu curr\u00edculo Lattes pode ser encontrado em: http:\/\/lattes.cnpq.br\/3972163625085544<\/p>\n<p>[\/vc_column_text][vc_separator style=&#8221;shadow&#8221; css=&#8221;&#8221;][\/vc_column][\/vc_row][vc_row][vc_column width=&#8221;1\/4&#8243;][vc_single_image image=&#8221;475&#8243; img_size=&#8221;full&#8221; alignment=&#8221;center&#8221; style=&#8221;vc_box_circle_2&#8243; css=&#8221;.vc_custom_1757939372456{margin-right: 50px !important;margin-bottom: 0px !important;margin-left: 50px !important;}&#8221;][vc_column_text css=&#8221;&#8221;]<\/p>\n<p style=\"text-align: center;\"><strong>Em\u00edlio Mendon\u00e7a Dias da Silva<br \/>\n<\/strong>Coordenador[\/vc_column_text][\/vc_column][vc_column width=&#8221;3\/4&#8243;][vc_column_text css=&#8221;&#8221;]<\/p>\n<p style=\"text-align: justify;\">Doutor em Direito Internacional P\u00fablico pela Faculdade de Direito Universidade de S\u00e3o Paulo. Graduado em direito (FDSBC\/2012) e em rela\u00e7\u00f5es internacionais (FSA\/2012). Membro do Grupo de Estudos sobre os BRICS da Universidade de S\u00e3o Paulo (GEBRICS\/USP). Advogado. Professor do curso de p\u00f3s-gradua\u00e7\u00e3o da Escola Brasileira de Direito. Foi membro da South African BRICS Youth Association (SABYA). Foi aluno bolsista da Shanghai Summer School (Universidade de Fudan, China). Foi aluno premiado da BRICS International School (NCBRICSR, R\u00fassia). Foi pesquisador premiado na Russian Energy Week \u2013 BRICS Youth Energy Summit (R\u00fassia).<\/p>\n<p>[\/vc_column_text][vc_separator style=&#8221;shadow&#8221; css=&#8221;&#8221;][\/vc_column][\/vc_row]<\/p>\n<\/div>","protected":false},"excerpt":{"rendered":"<p>[vc_row][vc_column][vc_column_text css=&#8221;&#8221;] Grupo de trabalho Governan\u00e7a Internacional [\/vc_column_text][\/vc_column][\/vc_row][vc_row][vc_column width=&#8221;1\/4&#8243;][vc_single_image image=&#8221;473&#8243; img_size=&#8221;full&#8221; alignment=&#8221;center&#8221; style=&#8221;vc_box_circle_2&#8243; css=&#8221;.vc_custom_1757939167862{margin-right: 50px !important;margin-bottom: 0px !important;margin-left: 50px !important;}&#8221;][vc_column_text css=&#8221;&#8221;] Ana Livia Esteves Coordenadora[\/vc_column_text][\/vc_column][vc_column width=&#8221;3\/4&#8243;][vc_column_text css=&#8221;&#8221;] Ana Livia Esteves \u00e9 doutora em Rela\u00e7\u00f5es Internacionais pela Escola Superior de Economia de Moscou (HSE) e mestre em pol\u00edtica externa russa pelo Instituto Estatal de Rela\u00e7\u00f5es Internacionais [&hellip;]<\/p>\n","protected":false},"author":1,"featured_media":0,"parent":0,"menu_order":0,"comment_status":"closed","ping_status":"closed","template":"","meta":{"footnotes":""},"_links":{"self":[{"href":"https:\/\/abrabrics.org\/site\/wp-json\/wp\/v2\/pages\/370"}],"collection":[{"href":"https:\/\/abrabrics.org\/site\/wp-json\/wp\/v2\/pages"}],"about":[{"href":"https:\/\/abrabrics.org\/site\/wp-json\/wp\/v2\/types\/page"}],"author":[{"embeddable":true,"href":"https:\/\/abrabrics.org\/site\/wp-json\/wp\/v2\/users\/1"}],"replies":[{"embeddable":true,"href":"https:\/\/abrabrics.org\/site\/wp-json\/wp\/v2\/comments?post=370"}],"version-history":[{"count":13,"href":"https:\/\/abrabrics.org\/site\/wp-json\/wp\/v2\/pages\/370\/revisions"}],"predecessor-version":[{"id":579,"href":"https:\/\/abrabrics.org\/site\/wp-json\/wp\/v2\/pages\/370\/revisions\/579"}],"wp:attachment":[{"href":"https:\/\/abrabrics.org\/site\/wp-json\/wp\/v2\/media?parent=370"}],"curies":[{"name":"wp","href":"https:\/\/api.w.org\/{rel}","templated":true}]}}